{"id":10696,"date":"2018-08-25T10:20:36","date_gmt":"2018-08-25T08:20:36","guid":{"rendered":"http:\/\/www.comprensivonegricasale.edu.it\/?page_id=10696"},"modified":"2021-02-15T13:13:08","modified_gmt":"2021-02-15T11:13:08","slug":"pago-in-rete-servizio-per-i-pagamenti-telematici","status":"publish","type":"page","link":"https:\/\/www.comprensivonegricasale.edu.it\/pago-in-rete-servizio-per-i-pagamenti-telematici\/","title":{"rendered":"PAGO IN RETE &#8211; Servizio per i pagamenti telematici"},"content":{"rendered":"<h2><img decoding=\"async\" loading=\"lazy\" class=\"aligncenter size-full wp-image-10705\" src=\"https:\/\/www.comprensivonegricasale.edu.it\/wp-content\/uploads\/2018\/08\/logo_pago_in_rete.jpg\" alt=\"\" width=\"524\" height=\"160\" srcset=\"https:\/\/www.comprensivonegricasale.edu.it\/wp-content\/uploads\/2018\/08\/logo_pago_in_rete.jpg 524w, https:\/\/www.comprensivonegricasale.edu.it\/wp-content\/uploads\/2018\/08\/logo_pago_in_rete-300x92.jpg 300w, https:\/\/www.comprensivonegricasale.edu.it\/wp-content\/uploads\/2018\/08\/logo_pago_in_rete-180x55.jpg 180w\" sizes=\"(max-width: 524px) 100vw, 524px\" \/><\/h2>\n<h2 class=\"m-y-1\"><strong>Per un&#8217;amministrazione pi\u00f9 moderna, pi\u00f9 trasparente, pi\u00f9 semplice<\/strong><\/h2>\n<p style=\"text-align: justify;\"><span style=\"text-decoration: underline;\">Con inizio dal prossimo anno scolastico 2018\/2019, i pagamenti a qualunque titolo denominati, da effettuare per il\/i proprio\/i figli\/a alla scuola per attivit\u00e0 rientranti nel PTOF (progetti, corsi, assicurazione, gite, ecc.), <strong>dovranno essere effettuati esclusivamente&nbsp; tramite il sistema PAGO IN RETE del portale MIUR.<\/strong><\/span><\/p>\n<p>Con&nbsp;<a href=\"http:\/\/www.istruzione.it\/pagoinrete\"><strong>Pago In Rete<\/strong><\/a>,&nbsp; (<a href=\"http:\/\/www.istruzione.it\/pagoinrete\/\">www.istruzione.it\/pagoinrete\/<\/a> ), il servizio centralizzato per i pagamenti telematici del Ministero della Pubblica Istruzione, dell\u2019Universit\u00e0 e della Ricerca, si possono eseguire pagamenti tramite PC, Tablet, Smartphone, per oneri e tasse a favore delle&nbsp;<strong>Scuole <\/strong>o del&nbsp;<strong>Ministero<\/strong>.<\/p>\n<p>Si pu\u00f2 scegliere di pagare online con carta di credito, bollettino postale online o addebito in conto oppure pagare direttamente presso le tabaccherie, sportelli bancari autorizzati o altri prestatori di servizi di pagamento (PSP) esibendo il documento di pagamento predisposto dal sistema, che riporta BAR-Code e QR-Code.<\/p>\n<p>Oltre l&#8217;esecuzione di pagamenti, il servizio consente di visualizzare il&nbsp;<strong>quadro sintetico<\/strong>&nbsp;e aggiornato dei&nbsp;<strong>pagamenti eseguibili<\/strong>&nbsp;e di scaricare le ricevute dei pagamenti effettuati.<\/p>\n<p><a href=\"https:\/\/www.istruzione.it\/pagoinrete\/files\/Manuale_utente_Web_Scuola.pdf\">Manuale Pagamenti Scolastici&nbsp;<\/a> &nbsp; (<span style=\"text-decoration: underline;\">leggere con attenzione paragrafo 3.3 pag 24-26 e Allegato A pag. 39<\/span>)<\/p>\n<p><a href=\"https:\/\/sidi.pubblica.istruzione.it\/sidi-web\/documents\/20182\/1861314\/PAGO+IN+RETE+-+I+BENEFICI.mp4\/1746819b-15b4-8513-da9e-fc384c105343?t=1567670455304\">Benefici<\/a><\/p>\n<p><a href=\"http:\/\/www.istruzione.it\/pagoinrete\/accedere.html\">Come accedere<\/a><\/p>\n<p><a href=\"http:\/\/www.istruzione.it\/pagoinrete\/cosa.html\">Cosa Pagare<\/a><\/p>\n<p><a href=\"http:\/\/www.istruzione.it\/pagoinrete\/come.html\">Come effettuare i pagamenti<\/a><\/p>\n<p><a href=\"http:\/\/www.istruzione.it\/pagoinrete\/istituti.html\">Istituti di credito Prestatori di Servizi di Pagamento (PSP)<\/a><\/p>\n<p><a href=\"http:\/\/www.istruzione.it\/pagoinrete\/assistenza.html\">Assistenza<\/a><\/p>\n<p><a href=\"http:\/\/www.istruzione.it\/pagoinrete\/files\/Faq_Pagamenti_Scolastici.pdf\">Faq<\/a><\/p>\n<p><a href=\"https:\/\/www.agenziaentrate.gov.it\/portale\/web\/guest\/spese-scolastiche-erogazioni-liberali-istituti-scolastici\/infogen-spese-scolastiche-erogazioni-liberali-istituti-scolastici\">Opposizione all&#8217;utilizzo dei dati relativi alle spese scolastiche ed erogazioni liberali agli istituti scolastici<\/a><\/p>\n<p>&nbsp;<\/p>\n<!-- WP Attachments -->\r\n        <div style=\"width:100%;margin:10px 0 10px 0;\">\r\n            <h3>Allegati<\/h3>\r\n        <ul class=\"post-attachments\"><li class=\"post-attachment mime-application-pdf\"><a href=\"https:\/\/www.comprensivonegricasale.edu.it\/wp-content\/uploads\/2018\/09\/BrochurePago-scuola.pdf\">BrochurePago scuola<\/a> <small>(3 MB)<\/small><\/li><\/ul><\/div>","protected":false},"excerpt":{"rendered":"<p>Per un&#8217;amministrazione pi\u00f9 moderna, pi\u00f9 trasparente, pi\u00f9 semplice Con inizio dal prossimo anno scolastico 2018\/2019, i pagamenti a qualunque titolo denominati, da effettuare per il\/i proprio\/i figli\/a alla scuola per attivit\u00e0 rientranti nel PTOF (progetti, corsi, assicurazione, gite, ecc.), dovranno essere effettuati esclusivamente&nbsp; tramite il sistema PAGO IN RETE del portale MIUR. Con&nbsp;Pago In Rete,&nbsp;&nbsp; &nbsp; <a class=\"moretag\" href=\"https:\/\/www.comprensivonegricasale.edu.it\/pago-in-rete-servizio-per-i-pagamenti-telematici\/\" title=\"Leggi l&#180;intero articolo\">&raquo;<\/a><\/p>\n","protected":false},"author":1,"featured_media":10702,"parent":0,"menu_order":0,"comment_status":"closed","ping_status":"closed","template":"","meta":{"ngg_post_thumbnail":0},"_links":{"self":[{"href":"https:\/\/www.comprensivonegricasale.edu.it\/wp-json\/wp\/v2\/pages\/10696"}],"collection":[{"href":"https:\/\/www.comprensivonegricasale.edu.it\/wp-json\/wp\/v2\/pages"}],"about":[{"href":"https:\/\/www.comprensivonegricasale.edu.it\/wp-json\/wp\/v2\/types\/page"}],"author":[{"embeddable":true,"href":"https:\/\/www.comprensivonegricasale.edu.it\/wp-json\/wp\/v2\/users\/1"}],"replies":[{"embeddable":true,"href":"https:\/\/www.comprensivonegricasale.edu.it\/wp-json\/wp\/v2\/comments?post=10696"}],"version-history":[{"count":17,"href":"https:\/\/www.comprensivonegricasale.edu.it\/wp-json\/wp\/v2\/pages\/10696\/revisions"}],"predecessor-version":[{"id":13741,"href":"https:\/\/www.comprensivonegricasale.edu.it\/wp-json\/wp\/v2\/pages\/10696\/revisions\/13741"}],"wp:featuredmedia":[{"embeddable":true,"href":"https:\/\/www.comprensivonegricasale.edu.it\/wp-json\/wp\/v2\/media\/10702"}],"wp:attachment":[{"href":"https:\/\/www.comprensivonegricasale.edu.it\/wp-json\/wp\/v2\/media?parent=10696"}],"curies":[{"name":"wp","href":"https:\/\/api.w.org\/{rel}","templated":true}]}}